{"id":3,"date":"2023-08-22T14:13:31","date_gmt":"2023-08-22T17:13:31","guid":{"rendered":"http:\/\/tvefenix.com\/?page_id=3"},"modified":"2023-08-31T16:55:20","modified_gmt":"2023-08-31T19:55:20","slug":"politica-de-privacidade","status":"publish","type":"page","link":"https:\/\/tvefenix.com\/index.php\/politica-de-privacidade\/","title":{"rendered":"Pol\u00edtica de privacidade"},"content":{"rendered":"\n<p>Quando voc\u00ea acessa nosso site, utiliza ou contrata nossos servi\u00e7os, ou compra nossos produtos, est\u00e1 nos confiando seus dados e informa\u00e7\u00f5es. Levamos muito a s\u00e9rio essa confian\u00e7a e entendemos que isso \u00e9 uma grande responsabilidade. Por isso trabalhamos duro para proteger essas informa\u00e7\u00f5es e colocar voc\u00ea no controle.<\/p>\n\n\n\n<ol class=\"wp-block-list\">\n<li><strong>Pol\u00edtica de Privacidade<\/strong><\/li>\n\n\n\n<li><strong>Como a coleta dos seus dados pessoais \u00e9 feita?<\/strong><\/li>\n<\/ol>\n\n\n\n<ul class=\"wp-block-list\">\n<li><strong>solicitar um or\u00e7amento<\/strong><\/li>\n<\/ul>\n\n\n\n<p>Ao preencher o formul\u00e1rio de contato, se cadastrar em nossa News Letter, ou baixar algum material rico, voc\u00ea fornece dados como: nome completo, CPF, endere\u00e7o de e-mail, sexo, data de nascimento, telefone, endere\u00e7o para entrega de produtos, entre outros.&nbsp;<\/p>\n\n\n\n<ul class=\"wp-block-list\">\n<li><strong>Ao se inscrever em nossa Newsletter ou baixar um material rico<\/strong><\/li>\n<\/ul>\n\n\n\n<p>Ao preencher o formul\u00e1rio de inscri\u00e7\u00e3o em nossa Newsletter ou voc\u00ea baixa algum material rico voc\u00ea fornece informa\u00e7\u00f5es como email, nome, cargo, entre outros.<\/p>\n\n\n\n<ul class=\"wp-block-list\">\n<li><strong>Atrav\u00e9s do uso de cookies<\/strong><\/li>\n<\/ul>\n\n\n\n<ol class=\"wp-block-list\" start=\"2\">\n<li><strong>O que s\u00e3o cookies?<\/strong><\/li>\n<\/ol>\n\n\n\n<p>Cookies (tamb\u00e9m referidos como cookies da web, cookies de rastreamento, cookies HTTP, cookies de navegador) s\u00e3o pequenos peda\u00e7os de arquivos armazenados pelo navegador de um usu\u00e1rio (Chrome, Firefox, Safari etc.) quando ele visita um site.&nbsp;<\/p>\n\n\n\n<p>Qual a utilidade dos cookies<\/p>\n\n\n\n<p>Os cookies cont\u00e9m informa\u00e7\u00f5es sobre a atividade de navega\u00e7\u00e3o e serve para reconhecer, acompanhar e armazenar sua navega\u00e7\u00e3o. Possibilitar\u00e1&nbsp; oferecer um servi\u00e7o mais personalizado, de acordo com as caracter\u00edsticas e interesses de seus usu\u00e1rios, possibilitando, inclusive, a oferta de conte\u00fado e publicidade espec\u00edficos para cada pessoa, beneficiando a experi\u00eancia do usu\u00e1rio na Internet.<\/p>\n\n\n\n<p>Em geral, os cookies s\u00e3o utilizados para:<\/p>\n\n\n\n<ul class=\"wp-block-list\">\n<li>Proporcionar servi\u00e7os diferenciados, lembrando quem voc\u00ea \u00e9 e quais s\u00e3o os seus h\u00e1bitos de navega\u00e7\u00e3o, al\u00e9m de acessar as informa\u00e7\u00f5es do seu cadastro;<\/li>\n\n\n\n<li>Armazenar por algum tempo seus itens no seu carrinho de compras e facilitar sua aquisi\u00e7\u00e3o de novos produtos\/ servi\u00e7os.<\/li>\n\n\n\n<li>Medir certos padr\u00f5es de navega\u00e7\u00e3o, mapeando quais \u00e1reas dos portais dos Servi\u00e7os voc\u00ea visitou e seus h\u00e1bitos de visita como um todo para verificar a rotina de navega\u00e7\u00e3o dos nossos usu\u00e1rios, e assim oferecer conte\u00fado e\/ou servi\u00e7os cada vez mais personalizados;&nbsp;<\/li>\n\n\n\n<li>Facilitar e agilizar o preenchimento de formul\u00e1rios com dados j\u00e1 preenchidos anteriormente por voc\u00ea.<\/li>\n<\/ul>\n\n\n\n<ol class=\"wp-block-list\" start=\"3\">\n<li><strong>Tipos de cookies<\/strong><\/li>\n<\/ol>\n\n\n\n<ul class=\"wp-block-list\">\n<li><strong>Necess\u00e1rio<\/strong><\/li>\n<\/ul>\n\n\n\n<p>Existem os cookies estritamente necess\u00e1rios para o funcionamento do site. Eles permitem que voc\u00ea navegue em nossos sites e use os servi\u00e7os e recursos (por exemplo, cookies de seguran\u00e7a para autenticar usu\u00e1rios, evitar a utiliza\u00e7\u00e3o fraudulenta de credenciais de login e proteger os dados do usu\u00e1rio de terceiros n\u00e3o autorizados).<\/p>\n\n\n\n<ul class=\"wp-block-list\">\n<li><strong>Funcional<\/strong><\/li>\n<\/ul>\n\n\n\n<p>Esses cookies normalmente coletam informa\u00e7\u00f5es de forma an\u00f4nima e permitem determinar informa\u00e7\u00f5es, como o n\u00famero de visitantes de uma p\u00e1gina, como os visitantes chegaram ao site e as p\u00e1ginas acessadas.<\/p>\n\n\n\n<ul class=\"wp-block-list\">\n<li><strong>Publicidade e direcionamento<\/strong><\/li>\n<\/ul>\n\n\n\n<p>Utilizamos alguns cookies com o fim publicit\u00e1rio. Isto se faz para entregar an\u00fancios e fazer campanhas publicit\u00e1rias de acordo com um determinado p\u00fablico. Atrav\u00e9s desses \u00e9 poss\u00edvel entregar an\u00fancios de acordo com o seu perfil de consumo no site.<\/p>\n\n\n\n<p>Esses cookies s\u00e3o utilizados para fornecer mais conte\u00fado relevante a um determinado p\u00fablico e de acordo com o interesse dos Usu\u00e1rios. Podem ser utilizados para apresentar publicidade mais direcionada ou limitar o n\u00famero que esta \u00e9 veiculada.&nbsp;<\/p>\n\n\n\n<ul class=\"wp-block-list\">\n<li><strong>Google Analytics<\/strong><\/li>\n<\/ul>\n\n\n\n<p>O Google Analytics, \u00e9 um servi\u00e7o de an\u00e1lise web fornecido pela Google, Inc. (\u201cGoogle\u201d). O Google Analytics utiliza uma forma espec\u00edfica de \u201cCookies\u201d, ou seja, arquivos de texto, que s\u00e3o armazenados no seu computador e permitem a an\u00e1lise do seu uso do site. A informa\u00e7\u00e3o gerada pelo Cookie acerca da sua utiliza\u00e7\u00e3o do site ser\u00e1 transmitida e armazenada em um servidor da Google nos EUA, tamb\u00e9m seguindo a nova lei LGPD vigente atualmente no Brasil.<\/p>\n\n\n\n<ul class=\"wp-block-list\">\n<li><strong>Como alterar ou bloquear cookies<\/strong><\/li>\n<\/ul>\n\n\n\n<p>A maioria dos navegadores \u00e9 configurada para aceitar automaticamente os cookies. Voc\u00ea pode, contudo, alterar as configura\u00e7\u00f5es para bloquear cookies ou alert\u00e1-lo quando um cookie estiver sendo enviado ao seu dispositivo. Existem v\u00e1rias formas de gerenciar cookies, sendo poss\u00edvel criar um bloqueio geral para cookies, bloquear cookies de um site espec\u00edfico e at\u00e9 mesmo bloquear cookies de terceiros em rela\u00e7\u00e3o a um site. Bloquear todos os cookies vai afetar o funcionamento da sua experi\u00eancia, pois n\u00e3o ser\u00e1 poss\u00edvel identificar suas prefer\u00eancias e recomendar conte\u00fado e publicidade relevantes.<\/p>\n\n\n\n<ul class=\"wp-block-list\">\n<li><strong>Como usamos seus dados<\/strong><\/li>\n<\/ul>\n\n\n\n<p>Seus Dados s\u00e3o coletados para que possamos entregar conte\u00fado, processar pagamentos e direcionar servi\u00e7os que possam ser do seu interesse, tais como:<\/p>\n\n\n\n<p>o Viabilizar a compra e entrega dos nossos produtos, atrav\u00e9s de e-commerce (quando aplic\u00e1vel);<\/p>\n\n\n\n<ul class=\"wp-block-list\">\n<li>Entregar conte\u00fado gratuito e promocional, atrav\u00e9s de e-mail marketing;<\/li>\n\n\n\n<li>Processar o pagamento, no caso de voc\u00ea contratar um Servi\u00e7o pago;<\/li>\n\n\n\n<li>Confirmar e completar seus Dados, conforme a rela\u00e7\u00e3o estabelecida com voc\u00ea;<\/li>\n\n\n\n<li>Enviar confirma\u00e7\u00f5es e atender a seus pedidos, no caso dos Servi\u00e7os pagos; e<\/li>\n\n\n\n<li>Obter hist\u00f3rico de cr\u00e9dito para ajudar a detectar e evitar casos de fraude.<\/li>\n<\/ul>\n\n\n\n<ol class=\"wp-block-list\" start=\"4\">\n<li><strong>Com quem compartilhamos os seus Dados?<\/strong><\/li>\n<\/ol>\n\n\n\n<p>Podemos compartilhar seus Dados com terceiros, que seguem nossos padr\u00f5es de seguran\u00e7a e confidencialidade, tais como:<\/p>\n\n\n\n<ul class=\"wp-block-list\">\n<li>Empresas ou ferramentas parceiras de marketing, como por exemplo RD Station, para oferecer an\u00fancio relevante ao seu perfil, e-mail marketing, telemarketing, SMS, notifica\u00e7\u00e3o instant\u00e2nea (push), etc.<\/li>\n\n\n\n<li>Prestadores de Servi\u00e7os de Tecnologia da Informa\u00e7\u00e3o, para prestar servi\u00e7os de nuvem para a nossa plataforma; hospedar os Servi\u00e7os e conte\u00fados; e fornecer suporte t\u00e9cnico e operacional para os Servi\u00e7os. Nestas circunst\u00e2ncias, seus Dados ser\u00e3o armazenados e processados em plataformas de terceiros, que podem estar localizadas no Brasil ou no exterior.<\/li>\n\n\n\n<li>Institui\u00e7\u00f5es Financeiras, Provedores de Meios de Pagamento, Integradores de Meios de Pagamento e Empresas de Cart\u00f5es de Cr\u00e9dito para processar o pagamento no caso de voc\u00ea contratar um Servi\u00e7o pago, ou comprar um produto.<\/li>\n<\/ul>\n\n\n\n<ol class=\"wp-block-list\" start=\"5\">\n<li><strong>Atualiza\u00e7\u00e3o da Pol\u00edtica de Privacidade<\/strong><\/li>\n<\/ol>\n\n\n\n<p>Podemos alterar o teor desta Pol\u00edtica de Privacidade a qualquer momento, conforme a finalidade ou necessidade, tal qual para adequa\u00e7\u00e3o e conformidade legal de disposi\u00e7\u00e3o de lei ou norma que tenha for\u00e7a jur\u00eddica equivalente, cabendo ao USU\u00c1RIO verific\u00e1-la sempre que efetuar o acesso ao nosso site.<\/p>\n\n\n\n<p>Ocorrendo atualiza\u00e7\u00f5es neste documento e que demandem nova coleta de consentimento, ser\u00e3o notificadas por meio dos contatos que nos forneceram o cadastro.<\/p>\n","protected":false},"excerpt":{"rendered":"<p>Quando voc\u00ea acessa nosso site, utiliza ou contrata nossos servi\u00e7os, ou compra nossos produtos, est\u00e1 nos confiando seus dados e informa\u00e7\u00f5es. Levamos muito a s\u00e9rio essa confian\u00e7a e entendemos que isso \u00e9 uma grande responsabilidade. Por isso trabalhamos duro para proteger essas informa\u00e7\u00f5es e colocar voc\u00ea no controle. Ao preencher o formul\u00e1rio de contato, se [&hellip;]<\/p>\n","protected":false},"author":1,"featured_media":0,"parent":0,"menu_order":0,"comment_status":"closed","ping_status":"open","template":"","meta":{"footnotes":""},"class_list":["post-3","page","type-page","status-publish","hentry"],"_links":{"self":[{"href":"https:\/\/tvefenix.com\/index.php\/wp-json\/wp\/v2\/pages\/3","targetHints":{"allow":["GET"]}}],"collection":[{"href":"https:\/\/tvefenix.com\/index.php\/wp-json\/wp\/v2\/pages"}],"about":[{"href":"https:\/\/tvefenix.com\/index.php\/wp-json\/wp\/v2\/types\/page"}],"author":[{"embeddable":true,"href":"https:\/\/tvefenix.com\/index.php\/wp-json\/wp\/v2\/users\/1"}],"replies":[{"embeddable":true,"href":"https:\/\/tvefenix.com\/index.php\/wp-json\/wp\/v2\/comments?post=3"}],"version-history":[{"count":2,"href":"https:\/\/tvefenix.com\/index.php\/wp-json\/wp\/v2\/pages\/3\/revisions"}],"predecessor-version":[{"id":281,"href":"https:\/\/tvefenix.com\/index.php\/wp-json\/wp\/v2\/pages\/3\/revisions\/281"}],"wp:attachment":[{"href":"https:\/\/tvefenix.com\/index.php\/wp-json\/wp\/v2\/media?parent=3"}],"curies":[{"name":"wp","href":"https:\/\/api.w.org\/{rel}","templated":true}]}}